e remainder when s(75) is divided by 114.
104
Suppose 4*j + 239*j - 276230 = 13*j. What is the remainder when j is divided by 237?
16
Let h = -671 - -5585. Calculate the remainder when h is divided by 33.
30
Suppose 2805 = -84*z + 67*z. Let u = 177 + z. Calculate the remainder when 125 is divided by u.
5
Let p = -613 - -252. Let t = 426 + p. What is the remainder when t is divided by 17?
14
Let y = 241 + -155. Suppose y = 3*d + 11. Let k = d - 15. Calculate the remainder when k is divided by 3.
1
Let z(i) = -11*i**2 - 114*i - 39. What is the remainder when 5087 is divided by z(-9)?
95
Suppose -5*k = 25, -12*c + 35 = -7*c - k. Calculate the remainder when 93 is divided by 98/(((-115)/69)/((-5)/c)).
44
Let d = 88 + -71. Suppose -12*n = 13 + 11. Calculate the remainder when (-25)/(1 + (-1)/n*-3) is divided by d.
16
Let j(m) = 4*m - 2. What is the remainder when 13/442*34*27 is divided by j(4)?
13
Suppose -20*o = -11*o - 135. Suppose -4*g + 68 = 2*c, o*c - 18*c = 5*g - 83. What is the remainder when 148 is divided by g?
15
Calculate the remainder when 1002 is divided by (-61)/3*(-60)/36 + (-4)/(-36).
16
Let x(w) be the third derivative of 3*w**4/8 + 13*w**3/3 - 64*w**2. Calculate the remainder when x(11) is divided by 8.
5
Let u be -20 - (-6)/(-18)*0. Let x(z) = 2*z + 49. What is the remainder when 32 is divided by x(u)?
5
Let r = 59 - 32. Suppose 21*t = r*t - 108. Calculate the remainder when 141 is divided by t.
15
Suppose 105042 = -21*d + 144*d. What is the remainder when d is divided by 282?
8
Let z = 42 + -39. Let o(q) = 3*q**2 - 4*q + 5. Suppose -2*r = 4*k - 106, 4*r + 3*k - 168 = r. Calculate the remainder when r is divided by o(z).
19
Let l(x) = -13*x - 571. Suppose -8 = -5*q + 12. What is the remainder when l(-53) is divided by q?
2
Suppose 9100 - 8893 = 9*b. Calculate the remainder when 457 is divided by b.
20
Let m(a) = a**2 + 14*a + 18. Suppose -15595 = -22*p + 17295. Suppose -4*d + 27*d = p. What is the remainder when d is divided by m(-14)?
11
Suppose 181 = 5*p - 2*d, 3*p = 2*d + d + 123. Calculate the remainder when 54 is divided by p.
21
What is the remainder when 878 is divided by (1 - -2)*5/6 + (-101346)/(-1524)?
50
Let r(x) be the second derivative of 8*x**4/3 - x**3 - 3*x**2/2 - 2*x + 137. What is the remainder when r(3) is divided by 36?
15
Calculate the remainder when (16075/(-210) - (-1)/21)/((-2)/28) is divided by 1067.
4
Let k(m) = m**3 + 4*m**2 + m - 2. Let c = -69 + 66. Let y be k(c). Calculate the remainder when (-2)/4 + 154/y is divided by 10.
8
Suppose -97*o + 1063892 = -430199. What is the remainder when o is divided by 39?
37
Let b(m) = m**2 + m + 4. Calculate the remainder when 108 - (-23 + 7 + 29) is divided by b(4).
23
Suppose 5*o = -3*z + 511, -46*o + 44*o = -z - 189. Calculate the remainder when 2025 is divided by o.
65
Calculate the remainder when -12*64/(-10) + 570/475 is divided by 11.
1
Let h(l) = 2*l**2 + 88*l - 166. Suppose 194 = 2*z - 5*g, -60 + 268 = 2*z + 2*g. What is the remainder when (1 - -2)*z/9 is divided by h(-46)?
16
Let o = -53 - -32. Let i = o - -29. Suppose -30 - 94 = -4*v. What is the remainder when v is divided by i?
7
What is the remainder when ((-19)/266*14)/((-4)/42632) is divided by 52?
50
Let v = 442 - 470. What is the remainder when 62 is divided by (5 - 10) + -2 - v?
20
Let j(o) = 16*o - 7. Let v(z) = -z**3 - 27*z**2 - 109*z + 123. What is the remainder when v(-22) is divided by j(4)?
44
Let h be (-4)/(-5*(4 + -3) + 3). Suppose -7*z + 233 = -2*z - 2*n, 0 = -2*z + h*n + 98. What is the remainder when 313 is divided by z?
43
Suppose 13*m - 3 = 10*m. Let i be (4 + m)/((-5)/(-2)). Suppose r - i - 7 = 0. What is the remainder when 52 is divided by r?
7
Let x = -2262 - -2276. What is the remainder when 5304 is divided by x?
12
Calculate the remainder when 1654 is divided by (-8)/(-4) + -4 + 549.
13
Let r be 0 + (3 - (-1 - -2)). Let j be r/(-17) - 3608/(-34). Suppose 5*o - 159 = j. Calculate the remainder when o is divided by 11.
9
Let c(t) = 9*t - 6. Let o = -289 - -294. Suppose o*s = -195 + 1085. What is the remainder when s is divided by c(4)?
28
Suppose 3*u = -4*j + 16, 163*j - 25 = 168*j. Let h = u + -8. What is the remainder when 145 is divided by h?
1
Calculate the remainder when (3942/81)/(6/36) is divided by 154.
138
Suppose -x + 29 = -3*h - 184, 4*h - 20 = 0. Suppose -17*b + x = -78. Calculate the remainder when 59 is divided by b.
5
Suppose -812 = -16*n - 0*n - 556. Calculate the remainder when 5935 is divided by n.
15
Let o = 5629 + -5601. What is the remainder when 53 is divided by o?
25
Let w(a) = 208*a + 7246. What is the remainder when w(-26) is divided by 23?
21
Suppose -3*g = -g - 28. Let q = -8623 - -8674. Calculate the remainder when q is divided by g.
9
Suppose -b - 47 = -2*f, 5*f - 2*b - 117 = b. Calculate the remainder when 101 is divided by 126/f + 15/(-12) - -4.
5
Let v = 3165 + -3089. Let y = 26 - 10. Calculate the remainder when v is divided by y.
12
Let a(f) = -316*f - 710. What is the remainder when 717 is divided by a(-3)?
3
Suppose 5*q + 594 = -7*z + 11012, 5*q - 10370 = 5*z. What is the remainder when q is divided by 18?
8
Let r = 16573 + -16510. Let n = 2 - -1. Suppose -f + 132 = n*f. What is the remainder when r is divided by f?
30
Let z(p) = -p**3 + 12*p**2 - 10*p - 8. Let f be z(11). Suppose -f*h = 2*y - 49, 9*y = -3*h + 5*y + 47. What is the remainder when 220 is divided by h?
16
Let r be (2 + 0)/2 - (-12 + 11). Let z = 7 + r. What is the remainder when 177 is divided by z?
6
Calculate the remainder when 6429 is divided by 17 - 10/(-4)*-2.
9
Let o be ((-6)/(-8))/((-6)/16) - -12. What is the remainder when 88 is divided by (-64)/o*(-195)/26?
40
Let q = -21 + 11. Let b be 48/60*q/(-4). Suppose -b*d - 12 = -92. Calculate the remainder when 158 is divided by d.
38
Let m(f) = -2*f - 58. Suppose -4*d + 69 + 149 = -5*v, 5*v = -2*d - 236. Calculate the remainder when 78 is divided by m(v).
10
Let j(y) = -27*y + 153 - y**2 + 125 - 305. Suppose -33 = 3*w - 0*w. What is the remainder when j(w) is divided by 38?
35
Suppose 0 = -4*u + 5*f + 1015 + 16358, -2*u + 8686 = -2*f. What is the remainder when u is divided by 41?
37
Let m(x) = 37*x + 37. Let n be m(-2). Calculate the remainder when 1 - n - 185/(-37) is divided by 25.
18
Let n = 64 + -46. Suppose 7*p - 12 = 2. Suppose -p*d - 175 = -313. What is the remainder when d is divided by n?
15
Calculate the remainder when 165 is divided by (-3717)/126*(-6)/3.
47
Suppose -1128 = -8*n - 1020 + 1556. What is the remainder when 445 is divided by n?
29
Suppose -698 = -2*l + 4*n, -17*n = -4*l - 15*n + 1402. What is the remainder when l is divided by 140?
71
Let d = 48 - 54. Calculate the remainder when 19 is divided by (2/7)/(d/(-56))*3.
3
Let z = -4079 - -4102. Calculate the remainder when 224 is divided by z.
17
Suppose -6*f - 280 = -4*p, -f + 264 = 4*p - 44. What is the remainder when (-2)/(-8) - 12530/(-56) is divided by p?
72
Let o(y) = 4*y + 2. Let q be o(2). Suppose 6*p + 220 = q*p. Let h = p + -43. Calculate the remainder when 19 is divided by h.
7
Let j = 2 - -11. Let w = j + 44. Suppose -5*o = 3*q - 2*o - w, q = 4*o + 9. What is the remainder when q is divided by 9?
8
Let b(q) = q**3 - 5*q + 7. Let l be b(3). Suppose m - l = 2. Suppose f - 4*o = 72, 0*f - 4*f + 4*o = -312. Calculate the remainder when f is divided by m.
17
Calculate the remainder when (145224/16 + -6)*(12 - -4)/8 is divided by 193.
192
Suppose 344*a - 347*a + 165 = 0. What is the remainder when (2*6)/((-6)/(-54)) is divided by a?
53
Suppose 4*f - 12 = 0, 444 = 4*m + 2*f - 1574. What is the remainder when m is divided by 46?
43
Let c(g) = -13*g**2 + g + 85. Let s(f) = 10*f**3 - 4*f**2 + 3*f + 5. Calculate the remainder when s(4) is divided by c(0).
83
What is the remainder when 24/(-9) - 1218/(-9)*2 is divided by 8?
4
Suppose 98*y = 96*y - 464. Let t = y + 433. Calculate the remainder when t is divided by 29.
27
Let n = 1 - -1. Let g(r) = -2*r**2 - 27*r + 51. Let t be g(-15). Suppose -n*c + 5*d + 5 = -24, 2*d + t = -2*c. Calculate the remainder when c is divided by 1.
0
What is the remainder when 29/((-58)/(-16)) + 569 is divided by 194?
189
Let p = -2604 + 2965. Calculate the remainder when p is divided by 30.
1
Let a = -389 - -391. What is the